{"id":68,"date":"2017-03-13T23:40:03","date_gmt":"2017-03-13T23:40:03","guid":{"rendered":"http:\/\/91.187.134.10\/a_madam\/?page_id=68"},"modified":"2017-03-24T17:12:53","modified_gmt":"2017-03-24T17:12:53","slug":"contact","status":"publish","type":"page","link":"https:\/\/www.mfkv.kg.ac.rs\/a_madam\/index.php\/contact\/","title":{"rendered":"Contact"},"content":{"rendered":"<h2>Project Manager<\/h2>\n<ul>\n<li>Prof. Sne\u017eana \u0106iri\u0107 Kosti\u0107<\/li>\n<li>Fakultet za ma\u0161instvo i gra\u0111evinarstvo, Dositejeva 19, 36000 Kraljevo, Serbia<\/li>\n<li><a href=\"mailto:amadam@mfkv.rs\">amadam@mfkv.rs<\/a><\/li>\n<\/ul>\n<h2>Scientific Manager<\/h2>\n<ul>\n<li>Prof. Dr. Giangiacomo Minak<\/li>\n<li>Dipartimento DIN, viale Risorgimento 2, 40152 Bologna, Italy<\/li>\n<li><a href=\"mailto:amadam@mfkv.rs\">amadam@mfkv.rs<\/a><\/li>\n<\/ul>\n<h2>Communication Manager<\/h2>\n<ul>\n<li>Simona Montanari<\/li>\n<li>Via Persicetana Vecchia 7\/6 40132 Bologna Italy<\/li>\n<li><a href=\"mailto:amadam.com@mfkv.rs\">amadam.com@mfkv.rs<\/a><\/li>\n<\/ul>\n","protected":false},"excerpt":{"rendered":"<p>Project Manager Prof. Sne\u017eana \u0106iri\u0107 Kosti\u0107 Fakultet za ma\u0161instvo i gra\u0111evinarstvo, Dositejeva 19, 36000 Kraljevo, Serbia amadam@mfkv.rs Scientific Manager Prof. Dr. Giangiacomo Minak Dipartimento DIN, viale Risorgimento 2, 40152 Bologna, Italy amadam@mfkv.rs Communication Manager Simona Montanari Via Persicetana Vecchia 7\/6 40132 Bologna Italy amadam.com@mfkv.rs<\/p>\n","protected":false},"author":3,"featured_media":0,"parent":0,"menu_order":6,"comment_status":"closed","ping_status":"closed","template":"","meta":[],"_links":{"self":[{"href":"https:\/\/www.mfkv.kg.ac.rs\/a_madam\/index.php\/wp-json\/wp\/v2\/pages\/68"}],"collection":[{"href":"https:\/\/www.mfkv.kg.ac.rs\/a_madam\/index.php\/wp-json\/wp\/v2\/pages"}],"about":[{"href":"https:\/\/www.mfkv.kg.ac.rs\/a_madam\/index.php\/wp-json\/wp\/v2\/types\/page"}],"author":[{"embeddable":true,"href":"https:\/\/www.mfkv.kg.ac.rs\/a_madam\/index.php\/wp-json\/wp\/v2\/users\/3"}],"replies":[{"embeddable":true,"href":"https:\/\/www.mfkv.kg.ac.rs\/a_madam\/index.php\/wp-json\/wp\/v2\/comments?post=68"}],"version-history":[{"count":17,"href":"https:\/\/www.mfkv.kg.ac.rs\/a_madam\/index.php\/wp-json\/wp\/v2\/pages\/68\/revisions"}],"predecessor-version":[{"id":651,"href":"https:\/\/www.mfkv.kg.ac.rs\/a_madam\/index.php\/wp-json\/wp\/v2\/pages\/68\/revisions\/651"}],"wp:attachment":[{"href":"https:\/\/www.mfkv.kg.ac.rs\/a_madam\/index.php\/wp-json\/wp\/v2\/media?parent=68"}],"curies":[{"name":"wp","href":"https:\/\/api.w.org\/{rel}","templated":true}]}}