{"id":183,"date":"2017-03-18T01:08:02","date_gmt":"2017-03-18T01:08:02","guid":{"rendered":"http:\/\/91.187.134.10\/a_madam\/?page_id=183"},"modified":"2018-12-28T14:39:07","modified_gmt":"2018-12-28T14:39:07","slug":"ev170302","status":"publish","type":"page","link":"http:\/\/www.mfkv.kg.ac.rs\/a_madam\/index.php\/events\/ev170302\/","title":{"rendered":"&#8220;Coordinators&#8217; Info Day&#8221; &#8211; Brussels, 2.3.2017"},"content":{"rendered":"<p>The H2020-MSCA-RISE-2016 Coordinator&#8217;s Info was held on March 2nd, 2017 in Brussels \/Belgium\/. The meeting gathered coordinators and administrative managers of projects that are financed by the European Commission within the\u00a0H2020-MSCA-RISE-2016 call for proposals, as well as representatives of the <a href=\"http:\/\/ec.europa.eu\/info\/departments\/research-executive-agency_en\" target=\"_blank\">Research and Executive Agency (REA<\/a>).<\/p>\n<figure id=\"attachment_194\" aria-describedby=\"caption-attachment-194\" style=\"width: 300px\" class=\"wp-caption aligncenter\"><img loading=\"lazy\" class=\"wp-image-194 size-medium\" src=\"http:\/\/91.187.134.10\/a_madam\/wp-content\/uploads\/2017\/03\/20170302_164610-300x225.jpg\" width=\"300\" height=\"225\" srcset=\"http:\/\/www.mfkv.kg.ac.rs\/a_madam\/wp-content\/uploads\/2017\/03\/20170302_164610-300x225.jpg 300w, http:\/\/www.mfkv.kg.ac.rs\/a_madam\/wp-content\/uploads\/2017\/03\/20170302_164610-768x576.jpg 768w, http:\/\/www.mfkv.kg.ac.rs\/a_madam\/wp-content\/uploads\/2017\/03\/20170302_164610-1024x768.jpg 1024w\" sizes=\"(max-width: 300px) 100vw, 300px\" \/><figcaption id=\"caption-attachment-194\" class=\"wp-caption-text\">MSCA-RISE-2016 Coordinators&#8217; Info Day (from right to left): A_MADAM Project Manager Prof.\u00a0Sne\u017eana \u0106iri\u0107 Kosti\u0107, Project Officer Mr.\u00a0Radu Diaconescu from REA, Prof.\u00a0Zlatan \u0160o\u0161ki\u0107 from the Faculty of Mechanical and Civil Engineering in Kraljevo<\/figcaption><\/figure>\n<p class=\"ZS_followed\">In the meeting were explained:<\/p>\n<ul class=\"ZS_insert\">\n<li>Legal issues, including secondments and amendments to the Grant Agreement<\/li>\n<li>Financial issues<\/li>\n<li>Reporting<\/li>\n<li>Management events &#8211; Mid-term review meeting and Kick-off meeting<\/li>\n<li>Ethics issues<\/li>\n<li>Communication and dissemination<\/li>\n<\/ul>\n<p class=\"ZS_following\">in MSCA-RISE projects.<\/p>\n<p>The multimedia presentations of the lectures that were held during the Coordinators&#8217; Info Day may found <a href=\"https:\/\/ec.europa.eu\/info\/files\/h2020-msca-rise-2016-coordinators-info-day-presentations_en\" target=\"_blank\">at the website of the event<\/a>.<\/p>\n","protected":false},"excerpt":{"rendered":"<p>The H2020-MSCA-RISE-2016 Coordinator&#8217;s Info was held on March 2nd, 2017 in Brussels \/Belgium\/. The meeting gathered coordinators and administrative managers of projects that are financed by the European Commission within the\u00a0H2020-MSCA-RISE-2016 call for proposals, as well as representatives of the Research and Executive Agency (REA). In the meeting were explained: Legal issues, including secondments and &hellip; <\/p>\n<p class=\"link-more\"><a href=\"http:\/\/www.mfkv.kg.ac.rs\/a_madam\/index.php\/events\/ev170302\/\" class=\"more-link\">Continue reading<span class=\"screen-reader-text\"> &#8220;&#8220;Coordinators&#8217; Info Day&#8221; &#8211; Brussels, 2.3.2017&#8243;<\/span><\/a><\/p>\n","protected":false},"author":3,"featured_media":0,"parent":60,"menu_order":3,"comment_status":"closed","ping_status":"closed","template":"","meta":[],"_links":{"self":[{"href":"http:\/\/www.mfkv.kg.ac.rs\/a_madam\/index.php\/wp-json\/wp\/v2\/pages\/183"}],"collection":[{"href":"http:\/\/www.mfkv.kg.ac.rs\/a_madam\/index.php\/wp-json\/wp\/v2\/pages"}],"about":[{"href":"http:\/\/www.mfkv.kg.ac.rs\/a_madam\/index.php\/wp-json\/wp\/v2\/types\/page"}],"author":[{"embeddable":true,"href":"http:\/\/www.mfkv.kg.ac.rs\/a_madam\/index.php\/wp-json\/wp\/v2\/users\/3"}],"replies":[{"embeddable":true,"href":"http:\/\/www.mfkv.kg.ac.rs\/a_madam\/index.php\/wp-json\/wp\/v2\/comments?post=183"}],"version-history":[{"count":24,"href":"http:\/\/www.mfkv.kg.ac.rs\/a_madam\/index.php\/wp-json\/wp\/v2\/pages\/183\/revisions"}],"predecessor-version":[{"id":676,"href":"http:\/\/www.mfkv.kg.ac.rs\/a_madam\/index.php\/wp-json\/wp\/v2\/pages\/183\/revisions\/676"}],"up":[{"embeddable":true,"href":"http:\/\/www.mfkv.kg.ac.rs\/a_madam\/index.php\/wp-json\/wp\/v2\/pages\/60"}],"wp:attachment":[{"href":"http:\/\/www.mfkv.kg.ac.rs\/a_madam\/index.php\/wp-json\/wp\/v2\/media?parent=183"}],"curies":[{"name":"wp","href":"https:\/\/api.w.org\/{rel}","templated":true}]}}