{"id":168,"date":"2017-03-18T00:27:39","date_gmt":"2017-03-18T00:27:39","guid":{"rendered":"http:\/\/91.187.134.10\/a_madam\/?page_id=168"},"modified":"2021-12-23T21:33:18","modified_gmt":"2021-12-23T21:33:18","slug":"ev161215","status":"publish","type":"page","link":"http:\/\/www.mfkv.kg.ac.rs\/a_madam\/index.php\/events\/ev161215\/","title":{"rendered":"Promotion in Ministry of Education, Science and Technology of Republic of Serbia &#8211; Belgrade, 15.12.2017"},"content":{"rendered":"<p>On the December 13th of 2016 in Brussels was held the fourth meeting of the Accession Conference with Serbia at ministerial level, with the aim to open negotiations on Chapter 5 &#8211; Public procurement, and to open and provisionally close Chapter 25 &#8211; Science and research.<\/p>\n<p>Regarding negotiations on Chapter 25 &#8211; Science and Research, the EU considered that, exceptionally, benchmarks for the provisional closure of this chapter were not required, given the general good level of Serbia&#8217;s state of preparedness in the area of Science and research, and the limited scope and particular nature of <i>acquis<\/i> obligations in this chapter. The EU therefore noted that, at this stage, this chapter does not require further negotiations.<\/p>\n<p>On&nbsp;the occasion of successful opening and provisional closure of the Chapter 25, Serbian Ministry of Education, Science and Technology organized a media conference to present success stories of Serbian researchers who participate in the program Horizon 2020.<\/p>\n<figure style=\"width: 600px\" class=\"wp-caption alignnone\"><img loading=\"lazy\" class=\"size-medium\" src=\"http:\/\/www.mfkv.kg.ac.rs\/a_madam\/wp-content\/uploads\/2021\/12\/ev161215_small.jpg\" width=\"600\" height=\"375\"><figcaption class=\"wp-caption-text\">Media conference of Serbian Ministry of Education, Science and Technology held on December 15th, 2016 in Belgrade. The Project Manager of the A_MADAM project, prof.&nbsp;Sne\u017eana \u0106iri\u0107 Kosti\u0107 is second from left.<\/figcaption><\/figure>\n<p>In the media conference participated Serbian Minister of Education, Science and Technology, Vice-Minister for Science, Vice-Minister for International Cooperation and project managers of three recent H2020 projects. The project A_MADAM was presented by the Project Manager, prof. Sne\u017eana \u0106iri\u0107 Kosti\u0107.<\/p>\n<p>The media conference was followed by national media, which resulted in <a href=\"http:\/\/www.tanjug.rs\/multimedia.aspx?izb=v&amp;&amp;GalID=259053\" target=\"_blank\" rel=\"noopener\">TV interview of prof. \u0106iri\u0107 Kosti\u0107<\/a> for national news agency &#8220;Tanjug&#8221;, as well as in articles in national newspapers <a href=\"http:\/\/www.novosti.rs\/vesti\/naslovna\/drustvo\/aktuelno.290.html:640340-Sarcevic-Nauka-je-nas-ponos\" target=\"_blank\" rel=\"noopener\">&#8220;Novosti&#8221;<\/a>, <a href=\"http:\/\/www.danas.rs\/drustvo.55.html?news_id=334718&amp;title=Priznanje+srpskoj+nauci\" target=\"_blank\" rel=\"noopener\">&#8220;Danas&#8221;<\/a> and media service of the national TV operator <a href=\"http:\/\/www.rts.rs\/page\/stories\/sr\/story\/125\/drustvo\/2564403\/sarcevic-nauka-najbolji-deo-sistema-za-nju-iz-budzeta-130-miliona-evra.html\" target=\"_blank\" rel=\"noopener\">RTS<\/a>.<\/p>\n","protected":false},"excerpt":{"rendered":"<p>On the December 13th of 2016 in Brussels was held the fourth meeting of the Accession Conference with Serbia at ministerial level, with the aim to open negotiations on Chapter 5 &#8211; Public procurement, and to open and provisionally close Chapter 25 &#8211; Science and research. Regarding negotiations on Chapter 25 &#8211; Science and Research, &hellip; <\/p>\n<p class=\"link-more\"><a href=\"http:\/\/www.mfkv.kg.ac.rs\/a_madam\/index.php\/events\/ev161215\/\" class=\"more-link\">Continue reading<span class=\"screen-reader-text\"> &#8220;Promotion in Ministry of Education, Science and Technology of Republic of Serbia &#8211; Belgrade, 15.12.2017&#8221;<\/span><\/a><\/p>\n","protected":false},"author":3,"featured_media":0,"parent":60,"menu_order":1,"comment_status":"closed","ping_status":"closed","template":"","meta":[],"_links":{"self":[{"href":"http:\/\/www.mfkv.kg.ac.rs\/a_madam\/index.php\/wp-json\/wp\/v2\/pages\/168"}],"collection":[{"href":"http:\/\/www.mfkv.kg.ac.rs\/a_madam\/index.php\/wp-json\/wp\/v2\/pages"}],"about":[{"href":"http:\/\/www.mfkv.kg.ac.rs\/a_madam\/index.php\/wp-json\/wp\/v2\/types\/page"}],"author":[{"embeddable":true,"href":"http:\/\/www.mfkv.kg.ac.rs\/a_madam\/index.php\/wp-json\/wp\/v2\/users\/3"}],"replies":[{"embeddable":true,"href":"http:\/\/www.mfkv.kg.ac.rs\/a_madam\/index.php\/wp-json\/wp\/v2\/comments?post=168"}],"version-history":[{"count":11,"href":"http:\/\/www.mfkv.kg.ac.rs\/a_madam\/index.php\/wp-json\/wp\/v2\/pages\/168\/revisions"}],"predecessor-version":[{"id":1916,"href":"http:\/\/www.mfkv.kg.ac.rs\/a_madam\/index.php\/wp-json\/wp\/v2\/pages\/168\/revisions\/1916"}],"up":[{"embeddable":true,"href":"http:\/\/www.mfkv.kg.ac.rs\/a_madam\/index.php\/wp-json\/wp\/v2\/pages\/60"}],"wp:attachment":[{"href":"http:\/\/www.mfkv.kg.ac.rs\/a_madam\/index.php\/wp-json\/wp\/v2\/media?parent=168"}],"curies":[{"name":"wp","href":"https:\/\/api.w.org\/{rel}","templated":true}]}}

<p>On the December 13th of 2016 in Brussels was held the fourth meeting of the Accession Conference with Serbia at ministerial level, with the aim to open negotiations on Chapter 5 &#8211; Public procurement, and to open and provisionally close Chapter 25 &#8211; Science and research.</p>
<p>Regarding negotiations on Chapter 25 &#8211; Science and Research, the EU considered that, exceptionally, benchmarks for the provisional closure of this chapter were not required, given the general good level of Serbia&#8217;s state of preparedness in the area of Science and research, and the limited scope and particular nature of <i>acquis</i> obligations in this chapter. The EU therefore noted that, at this stage, this chapter does not require further negotiations.</p>
<p>On&nbsp;the occasion of successful opening and provisional closure of the Chapter 25, Serbian Ministry of Education, Science and Technology organized a media conference to present success stories of Serbian researchers who participate in the program Horizon 2020.</p>
<figure style="width: 600px" class="wp-caption alignnone"><img loading="lazy" class="size-medium" src="http://www.mfkv.kg.ac.rs/a_madam/wp-content/uploads/2021/12/ev161215_small.jpg" width="600" height="375"><figcaption class="wp-caption-text">Media conference of Serbian Ministry of Education, Science and Technology held on December 15th, 2016 in Belgrade. The Project Manager of the A_MADAM project, prof.&nbsp;Snežana Ćirić Kostić is second from left.</figcaption></figure>
<p>In the media conference participated Serbian Minister of Education, Science and Technology, Vice-Minister for Science, Vice-Minister for International Cooperation and project managers of three recent H2020 projects. The project A_MADAM was presented by the Project Manager, prof. Snežana Ćirić Kostić.</p>
<p>The media conference was followed by national media, which resulted in <a href="http://www.tanjug.rs/multimedia.aspx?izb=v&amp;&amp;GalID=259053" target="_blank" rel="noopener">TV interview of prof. Ćirić Kostić</a> for national news agency &#8220;Tanjug&#8221;, as well as in articles in national newspapers <a href="http://www.novosti.rs/vesti/naslovna/drustvo/aktuelno.290.html:640340-Sarcevic-Nauka-je-nas-ponos" target="_blank" rel="noopener">&#8220;Novosti&#8221;</a>, <a href="http://www.danas.rs/drustvo.55.html?news_id=334718&amp;title=Priznanje+srpskoj+nauci" target="_blank" rel="noopener">&#8220;Danas&#8221;</a> and media service of the national TV operator <a href="http://www.rts.rs/page/stories/sr/story/125/drustvo/2564403/sarcevic-nauka-najbolji-deo-sistema-za-nju-iz-budzeta-130-miliona-evra.html" target="_blank" rel="noopener">RTS</a>.</p>
